{"id":609,"date":"2019-01-16T15:44:06","date_gmt":"2019-01-16T14:44:06","guid":{"rendered":"https:\/\/www.billig-entruempelung.de\/?page_id=609"},"modified":"2022-02-16T13:21:16","modified_gmt":"2022-02-16T12:21:16","slug":"renovierung-in-augsburg-und-umgebung","status":"publish","type":"page","link":"https:\/\/www.billig-entruempelung.de\/entruempelung-augsburg\/renovierung-in-augsburg-und-umgebung\/","title":{"rendered":"Renovierung* in Augsburg und Umgebung"},"content":{"rendered":"<div class=\"wpb-content-wrapper\"><p>[vc_row][vc_column width=&#8220;2\/3&#8243;][vc_column_text]<\/p>\n<h2>Renovierung* Augsburg<\/h2>\n<p>Wir alle verbringen viel Zeit in unseren vier W\u00e4nden, warum also nicht einen Ort daraus machen, an dem man sich nur wohlf\u00fchlen kann? M\u00f6glich macht dies unser professionelles Team dank strenger Termin- und Kostenkontrolle! Wir \u00fcbernehmen nicht nur die Arbeiten f\u00fcr Sie, sondern planen und koordinieren die Renovierung* auch komplett. Von der Komplettsanierung eines Hauses \u00fcber die Renovierung* einer Wohnung bis hin zur Badsanierung k\u00f6nnen Sie auf einen kompetenten und motivierten Partner im Bereich Renovierung* z\u00e4hlen.[\/vc_column_text][\/vc_column][vc_column width=&#8220;1\/3&#8243; css=&#8220;.vc_custom_1568821232395{margin-top: 20px !important;}&#8220;][vc_single_image image=&#8220;575&#8243; img_size=&#8220;full&#8220;][\/vc_column][\/vc_row][vc_row][vc_column][vc_empty_space][vc_separator][vc_empty_space][vc_column_text]<\/p>\n<h3>Renovierung* und Sanierung Augsburg<\/h3>\n<p>Renovierung* und Neugestaltung f\u00fchren wir oft an einem Tag durch. Egal, ob Sie eine komplette K\u00fcchenfront, Arbeitsplatten oder nur M\u00f6belgriffe austauschen. Wir k\u00fcmmern uns professionell um alles, wie Reinigung, Renovieren* und sogar die Entsorgung nicht mehr ben\u00f6tigter Gegenst\u00e4nde. Dar\u00fcber hinaus scheuen wir keine neuen, gro\u00dfen Herausforderungen und f\u00fchren jegliche Art von Renovierungs-* und Aufr\u00e4umarbeiten in und um Augsburg durch!<\/p>\n<p>Passen Sie sich dem sch\u00f6nen Augsburger Stadtbild an und lassen Sie sich ein Angebot erstellen. Sie haben eine Idee und wir setzen diese zuverl\u00e4ssig und professionell um. Unser Expertenteam freut sich auf Ihre Anfrage! Nach Eingang Ihres Renovierungsauftrages* erfolgt keine Weiterleitung oder Vertretung. Als stabiles, solides Unternehmen der alten Schule werden diese ganz klassisch aufgenommen und bearbeitet.<\/p>\n<p>Rufen Sie uns bei Fragen noch heute an oder nutzen Sie das Kontaktformular, um sich \u00fcber aktuelle Angebote zu informieren.[\/vc_column_text][vc_empty_space][vc_separator][vc_empty_space][\/vc_column][\/vc_row][vc_row][vc_column][vc_column_text]*In Zusammenarbeit mit unseren langfristigen und vertrauten Partnerfirmen[\/vc_column_text][\/vc_column][\/vc_row]<\/p>\n<\/div>","protected":false},"excerpt":{"rendered":"<p>[vc_row][vc_column width=&#8220;2\/3&#8243;][vc_column_text] Renovierung* Augsburg Wir alle verbringen viel Zeit in unseren vier W\u00e4nden, warum also nicht einen Ort daraus machen, an dem man sich nur&hellip;<\/p>\n","protected":false},"author":1,"featured_media":428,"parent":0,"menu_order":0,"comment_status":"closed","ping_status":"closed","template":"","meta":{"footnotes":""},"class_list":["post-609","page","type-page","status-publish","has-post-thumbnail","hentry"],"yoast_head":"<!-- This site is optimized with the Yoast SEO plugin v26.3 - https:\/\/yoast.com\/wordpress\/plugins\/seo\/ -->\n<title>Renovierung durch die Partner des Billig Entr\u00fcmplers<\/title>\n<meta name=\"description\" content=\"Wir helfen Ihnen bei der Renovierung in Augsburg. Lassen Sie sich jetzt ein Angebot f\u00fcr Entr\u00fcmpelung, Renovierung und Entsorgung geben. Wir sind f\u00fcr Sie da.\" \/>\n<meta name=\"robots\" content=\"index, follow, max-snippet:-1, max-image-preview:large, max-video-preview:-1\" \/>\n<link rel=\"canonical\" href=\"https:\/\/www.billig-entruempelung.de\/entruempelung-augsburg\/renovierung-in-augsburg-und-umgebung\/\" \/>\n<meta property=\"og:locale\" content=\"de_DE\" \/>\n<meta property=\"og:type\" content=\"article\" \/>\n<meta property=\"og:title\" content=\"Renovierung durch die Partner des Billig Entr\u00fcmplers\" \/>\n<meta property=\"og:description\" content=\"Wir helfen Ihnen bei der Renovierung in Augsburg. Lassen Sie sich jetzt ein Angebot f\u00fcr Entr\u00fcmpelung, Renovierung und Entsorgung geben. Wir sind f\u00fcr Sie da.\" \/>\n<meta property=\"og:url\" content=\"https:\/\/www.billig-entruempelung.de\/entruempelung-augsburg\/renovierung-in-augsburg-und-umgebung\/\" \/>\n<meta property=\"og:site_name\" content=\"Entr\u00fcmpelung Augsburg\" \/>\n<meta property=\"article:modified_time\" content=\"2022-02-16T12:21:16+00:00\" \/>\n<meta property=\"og:image\" content=\"https:\/\/www.billig-entruempelung.de\/entruempelung-augsburg\/wp-content\/uploads\/2018\/07\/vince-gx-674693-unsplash.jpg\" \/>\n\t<meta property=\"og:image:width\" content=\"4429\" \/>\n\t<meta property=\"og:image:height\" content=\"2953\" \/>\n\t<meta property=\"og:image:type\" content=\"image\/jpeg\" \/>\n<meta name=\"twitter:card\" content=\"summary_large_image\" \/>\n<meta name=\"twitter:label1\" content=\"Gesch\u00e4tzte Lesezeit\" \/>\n\t<meta name=\"twitter:data1\" content=\"2\u00a0Minuten\" \/>\n<script type=\"application\/ld+json\" class=\"yoast-schema-graph\">{\"@context\":\"https:\/\/schema.org\",\"@graph\":[{\"@type\":\"WebPage\",\"@id\":\"https:\/\/www.billig-entruempelung.de\/entruempelung-augsburg\/renovierung-in-augsburg-und-umgebung\/\",\"url\":\"https:\/\/www.billig-entruempelung.de\/entruempelung-augsburg\/renovierung-in-augsburg-und-umgebung\/\",\"name\":\"Renovierung durch die Partner des Billig Entr\u00fcmplers\",\"isPartOf\":{\"@id\":\"https:\/\/www.billig-entruempelung.de\/entruempelung-augsburg\/#website\"},\"primaryImageOfPage\":{\"@id\":\"https:\/\/www.billig-entruempelung.de\/entruempelung-augsburg\/renovierung-in-augsburg-und-umgebung\/#primaryimage\"},\"image\":{\"@id\":\"https:\/\/www.billig-entruempelung.de\/entruempelung-augsburg\/renovierung-in-augsburg-und-umgebung\/#primaryimage\"},\"thumbnailUrl\":\"https:\/\/www.billig-entruempelung.de\/entruempelung-augsburg\/wp-content\/uploads\/2018\/07\/vince-gx-674693-unsplash.jpg\",\"datePublished\":\"2019-01-16T14:44:06+00:00\",\"dateModified\":\"2022-02-16T12:21:16+00:00\",\"description\":\"Wir helfen Ihnen bei der Renovierung in Augsburg. Lassen Sie sich jetzt ein Angebot f\u00fcr Entr\u00fcmpelung, Renovierung und Entsorgung geben. Wir sind f\u00fcr Sie da.\",\"breadcrumb\":{\"@id\":\"https:\/\/www.billig-entruempelung.de\/entruempelung-augsburg\/renovierung-in-augsburg-und-umgebung\/#breadcrumb\"},\"inLanguage\":\"de\",\"potentialAction\":[{\"@type\":\"ReadAction\",\"target\":[\"https:\/\/www.billig-entruempelung.de\/entruempelung-augsburg\/renovierung-in-augsburg-und-umgebung\/\"]}]},{\"@type\":\"ImageObject\",\"inLanguage\":\"de\",\"@id\":\"https:\/\/www.billig-entruempelung.de\/entruempelung-augsburg\/renovierung-in-augsburg-und-umgebung\/#primaryimage\",\"url\":\"https:\/\/www.billig-entruempelung.de\/entruempelung-augsburg\/wp-content\/uploads\/2018\/07\/vince-gx-674693-unsplash.jpg\",\"contentUrl\":\"https:\/\/www.billig-entruempelung.de\/entruempelung-augsburg\/wp-content\/uploads\/2018\/07\/vince-gx-674693-unsplash.jpg\",\"width\":4429,\"height\":2953,\"caption\":\"Haushaltsaufl\u00f6sung Augsburg\"},{\"@type\":\"BreadcrumbList\",\"@id\":\"https:\/\/www.billig-entruempelung.de\/entruempelung-augsburg\/renovierung-in-augsburg-und-umgebung\/#breadcrumb\",\"itemListElement\":[{\"@type\":\"ListItem\",\"position\":1,\"name\":\"Startseite\",\"item\":\"https:\/\/www.billig-entruempelung.de\/entruempelung-augsburg\/\"},{\"@type\":\"ListItem\",\"position\":2,\"name\":\"Renovierung* in Augsburg und Umgebung\"}]},{\"@type\":\"WebSite\",\"@id\":\"https:\/\/www.billig-entruempelung.de\/entruempelung-augsburg\/#website\",\"url\":\"https:\/\/www.billig-entruempelung.de\/entruempelung-augsburg\/\",\"name\":\"Entr\u00fcmpelung Augsburg\",\"description\":\"G\u00fcnstige Entr\u00fcmpelung und Entsorgung in Augsburg\",\"publisher\":{\"@id\":\"https:\/\/www.billig-entruempelung.de\/entruempelung-augsburg\/#organization\"},\"potentialAction\":[{\"@type\":\"SearchAction\",\"target\":{\"@type\":\"EntryPoint\",\"urlTemplate\":\"https:\/\/www.billig-entruempelung.de\/entruempelung-augsburg\/?s={search_term_string}\"},\"query-input\":{\"@type\":\"PropertyValueSpecification\",\"valueRequired\":true,\"valueName\":\"search_term_string\"}}],\"inLanguage\":\"de\"},{\"@type\":\"Organization\",\"@id\":\"https:\/\/www.billig-entruempelung.de\/entruempelung-augsburg\/#organization\",\"name\":\"Entr\u00fcmpelung Augsburg\",\"url\":\"https:\/\/www.billig-entruempelung.de\/entruempelung-augsburg\/\",\"logo\":{\"@type\":\"ImageObject\",\"inLanguage\":\"de\",\"@id\":\"https:\/\/www.billig-entruempelung.de\/entruempelung-augsburg\/#\/schema\/logo\/image\/\",\"url\":\"https:\/\/www.billig-entruempelung.de\/entruempelung-augsburg\/wp-content\/uploads\/2018\/07\/entruempelung-muenchen.png\",\"contentUrl\":\"https:\/\/www.billig-entruempelung.de\/entruempelung-augsburg\/wp-content\/uploads\/2018\/07\/entruempelung-muenchen.png\",\"width\":450,\"height\":71,\"caption\":\"Entr\u00fcmpelung Augsburg\"},\"image\":{\"@id\":\"https:\/\/www.billig-entruempelung.de\/entruempelung-augsburg\/#\/schema\/logo\/image\/\"}}]}<\/script>\n<!-- \/ Yoast SEO plugin. -->","yoast_head_json":{"title":"Renovierung durch die Partner des Billig Entr\u00fcmplers","description":"Wir helfen Ihnen bei der Renovierung in Augsburg. Lassen Sie sich jetzt ein Angebot f\u00fcr Entr\u00fcmpelung, Renovierung und Entsorgung geben. Wir sind f\u00fcr Sie da.","robots":{"index":"index","follow":"follow","max-snippet":"max-snippet:-1","max-image-preview":"max-image-preview:large","max-video-preview":"max-video-preview:-1"},"canonical":"https:\/\/www.billig-entruempelung.de\/entruempelung-augsburg\/renovierung-in-augsburg-und-umgebung\/","og_locale":"de_DE","og_type":"article","og_title":"Renovierung durch die Partner des Billig Entr\u00fcmplers","og_description":"Wir helfen Ihnen bei der Renovierung in Augsburg. Lassen Sie sich jetzt ein Angebot f\u00fcr Entr\u00fcmpelung, Renovierung und Entsorgung geben. Wir sind f\u00fcr Sie da.","og_url":"https:\/\/www.billig-entruempelung.de\/entruempelung-augsburg\/renovierung-in-augsburg-und-umgebung\/","og_site_name":"Entr\u00fcmpelung Augsburg","article_modified_time":"2022-02-16T12:21:16+00:00","og_image":[{"width":4429,"height":2953,"url":"https:\/\/www.billig-entruempelung.de\/entruempelung-augsburg\/wp-content\/uploads\/2018\/07\/vince-gx-674693-unsplash.jpg","type":"image\/jpeg"}],"twitter_card":"summary_large_image","twitter_misc":{"Gesch\u00e4tzte Lesezeit":"2\u00a0Minuten"},"schema":{"@context":"https:\/\/schema.org","@graph":[{"@type":"WebPage","@id":"https:\/\/www.billig-entruempelung.de\/entruempelung-augsburg\/renovierung-in-augsburg-und-umgebung\/","url":"https:\/\/www.billig-entruempelung.de\/entruempelung-augsburg\/renovierung-in-augsburg-und-umgebung\/","name":"Renovierung durch die Partner des Billig Entr\u00fcmplers","isPartOf":{"@id":"https:\/\/www.billig-entruempelung.de\/entruempelung-augsburg\/#website"},"primaryImageOfPage":{"@id":"https:\/\/www.billig-entruempelung.de\/entruempelung-augsburg\/renovierung-in-augsburg-und-umgebung\/#primaryimage"},"image":{"@id":"https:\/\/www.billig-entruempelung.de\/entruempelung-augsburg\/renovierung-in-augsburg-und-umgebung\/#primaryimage"},"thumbnailUrl":"https:\/\/www.billig-entruempelung.de\/entruempelung-augsburg\/wp-content\/uploads\/2018\/07\/vince-gx-674693-unsplash.jpg","datePublished":"2019-01-16T14:44:06+00:00","dateModified":"2022-02-16T12:21:16+00:00","description":"Wir helfen Ihnen bei der Renovierung in Augsburg. Lassen Sie sich jetzt ein Angebot f\u00fcr Entr\u00fcmpelung, Renovierung und Entsorgung geben. Wir sind f\u00fcr Sie da.","breadcrumb":{"@id":"https:\/\/www.billig-entruempelung.de\/entruempelung-augsburg\/renovierung-in-augsburg-und-umgebung\/#breadcrumb"},"inLanguage":"de","potentialAction":[{"@type":"ReadAction","target":["https:\/\/www.billig-entruempelung.de\/entruempelung-augsburg\/renovierung-in-augsburg-und-umgebung\/"]}]},{"@type":"ImageObject","inLanguage":"de","@id":"https:\/\/www.billig-entruempelung.de\/entruempelung-augsburg\/renovierung-in-augsburg-und-umgebung\/#primaryimage","url":"https:\/\/www.billig-entruempelung.de\/entruempelung-augsburg\/wp-content\/uploads\/2018\/07\/vince-gx-674693-unsplash.jpg","contentUrl":"https:\/\/www.billig-entruempelung.de\/entruempelung-augsburg\/wp-content\/uploads\/2018\/07\/vince-gx-674693-unsplash.jpg","width":4429,"height":2953,"caption":"Haushaltsaufl\u00f6sung Augsburg"},{"@type":"BreadcrumbList","@id":"https:\/\/www.billig-entruempelung.de\/entruempelung-augsburg\/renovierung-in-augsburg-und-umgebung\/#breadcrumb","itemListElement":[{"@type":"ListItem","position":1,"name":"Startseite","item":"https:\/\/www.billig-entruempelung.de\/entruempelung-augsburg\/"},{"@type":"ListItem","position":2,"name":"Renovierung* in Augsburg und Umgebung"}]},{"@type":"WebSite","@id":"https:\/\/www.billig-entruempelung.de\/entruempelung-augsburg\/#website","url":"https:\/\/www.billig-entruempelung.de\/entruempelung-augsburg\/","name":"Entr\u00fcmpelung Augsburg","description":"G\u00fcnstige Entr\u00fcmpelung und Entsorgung in Augsburg","publisher":{"@id":"https:\/\/www.billig-entruempelung.de\/entruempelung-augsburg\/#organization"},"potentialAction":[{"@type":"SearchAction","target":{"@type":"EntryPoint","urlTemplate":"https:\/\/www.billig-entruempelung.de\/entruempelung-augsburg\/?s={search_term_string}"},"query-input":{"@type":"PropertyValueSpecification","valueRequired":true,"valueName":"search_term_string"}}],"inLanguage":"de"},{"@type":"Organization","@id":"https:\/\/www.billig-entruempelung.de\/entruempelung-augsburg\/#organization","name":"Entr\u00fcmpelung Augsburg","url":"https:\/\/www.billig-entruempelung.de\/entruempelung-augsburg\/","logo":{"@type":"ImageObject","inLanguage":"de","@id":"https:\/\/www.billig-entruempelung.de\/entruempelung-augsburg\/#\/schema\/logo\/image\/","url":"https:\/\/www.billig-entruempelung.de\/entruempelung-augsburg\/wp-content\/uploads\/2018\/07\/entruempelung-muenchen.png","contentUrl":"https:\/\/www.billig-entruempelung.de\/entruempelung-augsburg\/wp-content\/uploads\/2018\/07\/entruempelung-muenchen.png","width":450,"height":71,"caption":"Entr\u00fcmpelung Augsburg"},"image":{"@id":"https:\/\/www.billig-entruempelung.de\/entruempelung-augsburg\/#\/schema\/logo\/image\/"}}]}},"rttpg_featured_image_url":{"full":["https:\/\/www.billig-entruempelung.de\/entruempelung-augsburg\/wp-content\/uploads\/2018\/07\/vince-gx-674693-unsplash.jpg",4429,2953,false],"landscape":["https:\/\/www.billig-entruempelung.de\/entruempelung-augsburg\/wp-content\/uploads\/2018\/07\/vince-gx-674693-unsplash.jpg",4429,2953,false],"portraits":["https:\/\/www.billig-entruempelung.de\/entruempelung-augsburg\/wp-content\/uploads\/2018\/07\/vince-gx-674693-unsplash.jpg",4429,2953,false],"thumbnail":["https:\/\/www.billig-entruempelung.de\/entruempelung-augsburg\/wp-content\/uploads\/2018\/07\/vince-gx-674693-unsplash-150x150.jpg",150,150,true],"medium":["https:\/\/www.billig-entruempelung.de\/entruempelung-augsburg\/wp-content\/uploads\/2018\/07\/vince-gx-674693-unsplash-300x200.jpg",300,200,true],"large":["https:\/\/www.billig-entruempelung.de\/entruempelung-augsburg\/wp-content\/uploads\/2018\/07\/vince-gx-674693-unsplash-1024x683.jpg",843,562,true],"1536x1536":["https:\/\/www.billig-entruempelung.de\/entruempelung-augsburg\/wp-content\/uploads\/2018\/07\/vince-gx-674693-unsplash.jpg",1536,1024,false],"2048x2048":["https:\/\/www.billig-entruempelung.de\/entruempelung-augsburg\/wp-content\/uploads\/2018\/07\/vince-gx-674693-unsplash.jpg",2048,1365,false]},"rttpg_author":{"display_name":"admin","author_link":"https:\/\/www.billig-entruempelung.de\/entruempelung-augsburg\/author\/admin\/"},"rttpg_comment":0,"rttpg_category":null,"rttpg_excerpt":"[vc_row][vc_column width=&#8220;2\/3&#8243;][vc_column_text] Renovierung* Augsburg Wir alle verbringen viel Zeit in unseren vier W\u00e4nden, warum also nicht einen Ort daraus machen, an dem man sich nur&hellip;","_links":{"self":[{"href":"https:\/\/www.billig-entruempelung.de\/entruempelung-augsburg\/wp-json\/wp\/v2\/pages\/609","targetHints":{"allow":["GET"]}}],"collection":[{"href":"https:\/\/www.billig-entruempelung.de\/entruempelung-augsburg\/wp-json\/wp\/v2\/pages"}],"about":[{"href":"https:\/\/www.billig-entruempelung.de\/entruempelung-augsburg\/wp-json\/wp\/v2\/types\/page"}],"author":[{"embeddable":true,"href":"https:\/\/www.billig-entruempelung.de\/entruempelung-augsburg\/wp-json\/wp\/v2\/users\/1"}],"replies":[{"embeddable":true,"href":"https:\/\/www.billig-entruempelung.de\/entruempelung-augsburg\/wp-json\/wp\/v2\/comments?post=609"}],"version-history":[{"count":29,"href":"https:\/\/www.billig-entruempelung.de\/entruempelung-augsburg\/wp-json\/wp\/v2\/pages\/609\/revisions"}],"predecessor-version":[{"id":1611,"href":"https:\/\/www.billig-entruempelung.de\/entruempelung-augsburg\/wp-json\/wp\/v2\/pages\/609\/revisions\/1611"}],"wp:featuredmedia":[{"embeddable":true,"href":"https:\/\/www.billig-entruempelung.de\/entruempelung-augsburg\/wp-json\/wp\/v2\/media\/428"}],"wp:attachment":[{"href":"https:\/\/www.billig-entruempelung.de\/entruempelung-augsburg\/wp-json\/wp\/v2\/media?parent=609"}],"curies":[{"name":"wp","href":"https:\/\/api.w.org\/{rel}","templated":true}]}}