{"id":473,"date":"2018-08-03T15:57:56","date_gmt":"2018-08-03T13:57:56","guid":{"rendered":"https:\/\/www.billig-entruempelung.de\/?page_id=473"},"modified":"2020-03-19T14:46:22","modified_gmt":"2020-03-19T13:46:22","slug":"hausrenovierung-in-augsburg","status":"publish","type":"page","link":"https:\/\/www.billig-entruempelung.de\/entruempelung-augsburg\/hausrenovierung-in-augsburg\/","title":{"rendered":"Hausrenovierung* in Augsburg"},"content":{"rendered":"<div class=\"wpb-content-wrapper\"><p>[vc_row][vc_column width=&#8220;2\/3&#8243;][vc_column_text]<\/p>\n<h2>Renovierung* in Augsburg<\/h2>\n<p>Mit unserem Profi-Team ist jede Renovierung* <strong>professionell<\/strong> und <strong>bezahlbar<\/strong> erledigt! Wir \u00fcbernehmen f\u00fcr Sie die komplette Planung, als auch die Koordination der Renovierung*. Mit unseren langj\u00e4hrigen und vertrauten Partnern geht Ihre Renovierung* ruck zuck. Sie haben sich also um nichts zu k\u00fcmmern, da wir einen reibungslosen Ablauf versichern und Ihnen ein einwandfreies Ergebnis garantieren. Planen und setzen Sie mit uns, Ihre Bad-Renovierung*, K\u00fcchenrenovierung*, Wohnungsrenovierung* oder Firmenrenovierung* um und verlassen Sie sich auf die <strong>erfahrenen<\/strong> und <strong>eifrigen<\/strong> Renovierungsprofis* im <strong>Augsburger Land<\/strong>.[\/vc_column_text][\/vc_column][vc_column width=&#8220;1\/3&#8243;][vc_single_image image=&#8220;178&#8243; img_size=&#8220;full&#8220;][\/vc_column][\/vc_row][vc_row][vc_column][vc_empty_space][vc_separator][vc_empty_space][\/vc_column][\/vc_row][vc_row][vc_column][vc_column_text]<\/p>\n<h3>Besser und schneller<\/h3>\n<p>Ob Sie nur Ihre K\u00fcchenfront erneuern lassen m\u00f6chten oder auch die M\u00f6belgriffe und die Arbeitsplatten austauschen wollen. Die Renovierung* und Umgestaltung von K\u00fcchen erledigen wir oft schon innerhalb eines Tages. Sollte auch Ihre alte Treppe sowie das Treppengel\u00e4nder nicht mehr ganz ansehnlich sein und Ihren Glanz verlieren, dann stehen wir Ihnen mit unserer fachm\u00e4nnischen Erfahrung gerne zur Seite. Ihre R\u00e4umlichkeiten renovieren* wir stets zuverl\u00e4ssig und fachgerecht!<\/p>\n<p>Mit langj\u00e4hriger Erfahrung und Professionalit\u00e4t \u00fcbernehmen wir alle Arbeiten wie die <strong>Entr\u00fcmpelung<\/strong>, <strong>Renovierung*<\/strong>\u00a0als auch die <strong>Entsorgung<\/strong> Ihrer nicht mehr ben\u00f6tigten Gegenst\u00e4nde. Wir scheuen uns auch nicht vor gro\u00dfen Herausforderungen und nehmen uns jeglicher Art der Renovierung* und Entr\u00fcmpelung an!<\/p>\n<p>G\u00f6nnen Sie sich ein einwandfreies optisches Update Ihres Lebensraums oder des Arbeitsplatzes und genie\u00dfen Sie nach der Renovierung* Ihre Wohnung oder den Arbeitsplatz im neuen Glanz. Wir gehen immer mit Professionalit\u00e4t und gro\u00dfem Engagement an Renovierungen*, als auch mit Entr\u00fcmpelungen ran und k\u00f6nnen Ihnen gewiss eine kosteng\u00fcnstige und schnelle L\u00f6sungen anbieten.[\/vc_column_text][\/vc_column][\/vc_row][vc_row][vc_column][vc_empty_space][vc_separator][vc_empty_space][\/vc_column][\/vc_row][vc_row][vc_column][vc_column_text]<\/p>\n<h3>Unsere Leistungen im Bereich der Renovierung* im \u00dcberblick:<\/h3>\n<ul>\n<li>Individuelle Beratung zum gew\u00fcnschten Endergebnis<\/li>\n<li>Umgestaltung und Projektverwirklichung f\u00fcr ein rundum zufriedenstellendes Endresultat<\/li>\n<li>Renovierung* von Treppengel\u00e4ndern und Treppen in Hausfluren<\/li>\n<li>K\u00fcchen renovieren* und auswechseln von Arbeitsplatten &amp; K\u00fcchen-fronten<\/li>\n<\/ul>\n<p>[\/vc_column_text][\/vc_column][\/vc_row][vc_row][vc_column][vc_empty_space][vc_separator][vc_empty_space][\/vc_column][\/vc_row][vc_row][vc_column width=&#8220;1\/4&#8243;][vc_btn title=&#8220;Anfrageformular&#8220; style=&#8220;3d&#8220; color=&#8220;green&#8220; size=&#8220;lg&#8220; i_icon_fontawesome=&#8220;fa fa-check&#8220; link=&#8220;url:https%3A%2F%2Fwww.billig-entruempelung.de%2Fanfrageformular%2F||target:%20_blank|&#8220; add_icon=&#8220;true&#8220;][\/vc_column][vc_column width=&#8220;3\/4&#8243;][vc_column_text]Jetzt kostenlose Beratung vor Ort vereinbaren!<br \/>\nTelefonisch unter <a href=\"tel: 01786571706\">0178 &#8211; 65 71 706<\/a>[\/vc_column_text][\/vc_column][\/vc_row][vc_row][vc_column][vc_column_text]*In Zusammenarbeit mit unseren langfristigen und vertrauten Partnerfirmen[\/vc_column_text][\/vc_column][\/vc_row]<\/p>\n<\/div>","protected":false},"excerpt":{"rendered":"<p>[vc_row][vc_column width=&#8220;2\/3&#8243;][vc_column_text] Renovierung* in Augsburg Mit unserem Profi-Team ist jede Renovierung* professionell und bezahlbar erledigt! Wir \u00fcbernehmen f\u00fcr Sie die komplette Planung, als auch die&hellip;<\/p>\n","protected":false},"author":1,"featured_media":178,"parent":0,"menu_order":0,"comment_status":"closed","ping_status":"closed","template":"","meta":{"footnotes":""},"class_list":["post-473","page","type-page","status-publish","has-post-thumbnail","hentry"],"yoast_head":"<!-- This site is optimized with the Yoast SEO plugin v26.3 - https:\/\/yoast.com\/wordpress\/plugins\/seo\/ -->\n<title>Renovierung Augsburg - schnell und kosteng\u00fcnstig!<\/title>\n<meta name=\"description\" content=\"Planen und konzeptionieren Sie mit uns als kompetenten Partner f\u00fcr Renovierung in Augsburg und Umgebung ein professionelles Konzept.\" \/>\n<meta name=\"robots\" content=\"index, follow, max-snippet:-1, max-image-preview:large, max-video-preview:-1\" \/>\n<link rel=\"canonical\" href=\"https:\/\/www.billig-entruempelung.de\/entruempelung-augsburg\/hausrenovierung-in-augsburg\/\" \/>\n<meta property=\"og:locale\" content=\"de_DE\" \/>\n<meta property=\"og:type\" content=\"article\" \/>\n<meta property=\"og:title\" content=\"Renovierung Augsburg - schnell und kosteng\u00fcnstig!\" \/>\n<meta property=\"og:description\" content=\"Planen und konzeptionieren Sie mit uns als kompetenten Partner f\u00fcr Renovierung in Augsburg und Umgebung ein professionelles Konzept.\" \/>\n<meta property=\"og:url\" content=\"https:\/\/www.billig-entruempelung.de\/entruempelung-augsburg\/hausrenovierung-in-augsburg\/\" \/>\n<meta property=\"og:site_name\" content=\"Entr\u00fcmpelung Augsburg\" \/>\n<meta property=\"article:modified_time\" content=\"2020-03-19T13:46:22+00:00\" \/>\n<meta property=\"og:image\" content=\"https:\/\/www.billig-entruempelung.de\/entruempelung-augsburg\/wp-content\/uploads\/2018\/04\/1601-1024x671.jpg\" \/>\n\t<meta property=\"og:image:width\" content=\"1024\" \/>\n\t<meta property=\"og:image:height\" content=\"671\" \/>\n\t<meta property=\"og:image:type\" content=\"image\/jpeg\" \/>\n<meta name=\"twitter:card\" content=\"summary_large_image\" \/>\n<meta name=\"twitter:label1\" content=\"Gesch\u00e4tzte Lesezeit\" \/>\n\t<meta name=\"twitter:data1\" content=\"2\u00a0Minuten\" \/>\n<script type=\"application\/ld+json\" class=\"yoast-schema-graph\">{\"@context\":\"https:\/\/schema.org\",\"@graph\":[{\"@type\":\"WebPage\",\"@id\":\"https:\/\/www.billig-entruempelung.de\/entruempelung-augsburg\/hausrenovierung-in-augsburg\/\",\"url\":\"https:\/\/www.billig-entruempelung.de\/entruempelung-augsburg\/hausrenovierung-in-augsburg\/\",\"name\":\"Renovierung Augsburg - schnell und kosteng\u00fcnstig!\",\"isPartOf\":{\"@id\":\"https:\/\/www.billig-entruempelung.de\/entruempelung-augsburg\/#website\"},\"primaryImageOfPage\":{\"@id\":\"https:\/\/www.billig-entruempelung.de\/entruempelung-augsburg\/hausrenovierung-in-augsburg\/#primaryimage\"},\"image\":{\"@id\":\"https:\/\/www.billig-entruempelung.de\/entruempelung-augsburg\/hausrenovierung-in-augsburg\/#primaryimage\"},\"thumbnailUrl\":\"https:\/\/www.billig-entruempelung.de\/entruempelung-augsburg\/wp-content\/uploads\/2018\/04\/1601.jpg\",\"datePublished\":\"2018-08-03T13:57:56+00:00\",\"dateModified\":\"2020-03-19T13:46:22+00:00\",\"description\":\"Planen und konzeptionieren Sie mit uns als kompetenten Partner f\u00fcr Renovierung in Augsburg und Umgebung ein professionelles Konzept.\",\"breadcrumb\":{\"@id\":\"https:\/\/www.billig-entruempelung.de\/entruempelung-augsburg\/hausrenovierung-in-augsburg\/#breadcrumb\"},\"inLanguage\":\"de\",\"potentialAction\":[{\"@type\":\"ReadAction\",\"target\":[\"https:\/\/www.billig-entruempelung.de\/entruempelung-augsburg\/hausrenovierung-in-augsburg\/\"]}]},{\"@type\":\"ImageObject\",\"inLanguage\":\"de\",\"@id\":\"https:\/\/www.billig-entruempelung.de\/entruempelung-augsburg\/hausrenovierung-in-augsburg\/#primaryimage\",\"url\":\"https:\/\/www.billig-entruempelung.de\/entruempelung-augsburg\/wp-content\/uploads\/2018\/04\/1601.jpg\",\"contentUrl\":\"https:\/\/www.billig-entruempelung.de\/entruempelung-augsburg\/wp-content\/uploads\/2018\/04\/1601.jpg\",\"width\":5200,\"height\":3407,\"caption\":\"Renovierun\"},{\"@type\":\"BreadcrumbList\",\"@id\":\"https:\/\/www.billig-entruempelung.de\/entruempelung-augsburg\/hausrenovierung-in-augsburg\/#breadcrumb\",\"itemListElement\":[{\"@type\":\"ListItem\",\"position\":1,\"name\":\"Startseite\",\"item\":\"https:\/\/www.billig-entruempelung.de\/entruempelung-augsburg\/\"},{\"@type\":\"ListItem\",\"position\":2,\"name\":\"Hausrenovierung* in Augsburg\"}]},{\"@type\":\"WebSite\",\"@id\":\"https:\/\/www.billig-entruempelung.de\/entruempelung-augsburg\/#website\",\"url\":\"https:\/\/www.billig-entruempelung.de\/entruempelung-augsburg\/\",\"name\":\"Entr\u00fcmpelung Augsburg\",\"description\":\"G\u00fcnstige Entr\u00fcmpelung und Entsorgung in Augsburg\",\"publisher\":{\"@id\":\"https:\/\/www.billig-entruempelung.de\/entruempelung-augsburg\/#organization\"},\"potentialAction\":[{\"@type\":\"SearchAction\",\"target\":{\"@type\":\"EntryPoint\",\"urlTemplate\":\"https:\/\/www.billig-entruempelung.de\/entruempelung-augsburg\/?s={search_term_string}\"},\"query-input\":{\"@type\":\"PropertyValueSpecification\",\"valueRequired\":true,\"valueName\":\"search_term_string\"}}],\"inLanguage\":\"de\"},{\"@type\":\"Organization\",\"@id\":\"https:\/\/www.billig-entruempelung.de\/entruempelung-augsburg\/#organization\",\"name\":\"Entr\u00fcmpelung Augsburg\",\"url\":\"https:\/\/www.billig-entruempelung.de\/entruempelung-augsburg\/\",\"logo\":{\"@type\":\"ImageObject\",\"inLanguage\":\"de\",\"@id\":\"https:\/\/www.billig-entruempelung.de\/entruempelung-augsburg\/#\/schema\/logo\/image\/\",\"url\":\"https:\/\/www.billig-entruempelung.de\/entruempelung-augsburg\/wp-content\/uploads\/2018\/07\/entruempelung-muenchen.png\",\"contentUrl\":\"https:\/\/www.billig-entruempelung.de\/entruempelung-augsburg\/wp-content\/uploads\/2018\/07\/entruempelung-muenchen.png\",\"width\":450,\"height\":71,\"caption\":\"Entr\u00fcmpelung Augsburg\"},\"image\":{\"@id\":\"https:\/\/www.billig-entruempelung.de\/entruempelung-augsburg\/#\/schema\/logo\/image\/\"}}]}<\/script>\n<!-- \/ Yoast SEO plugin. -->","yoast_head_json":{"title":"Renovierung Augsburg - schnell und kosteng\u00fcnstig!","description":"Planen und konzeptionieren Sie mit uns als kompetenten Partner f\u00fcr Renovierung in Augsburg und Umgebung ein professionelles Konzept.","robots":{"index":"index","follow":"follow","max-snippet":"max-snippet:-1","max-image-preview":"max-image-preview:large","max-video-preview":"max-video-preview:-1"},"canonical":"https:\/\/www.billig-entruempelung.de\/entruempelung-augsburg\/hausrenovierung-in-augsburg\/","og_locale":"de_DE","og_type":"article","og_title":"Renovierung Augsburg - schnell und kosteng\u00fcnstig!","og_description":"Planen und konzeptionieren Sie mit uns als kompetenten Partner f\u00fcr Renovierung in Augsburg und Umgebung ein professionelles Konzept.","og_url":"https:\/\/www.billig-entruempelung.de\/entruempelung-augsburg\/hausrenovierung-in-augsburg\/","og_site_name":"Entr\u00fcmpelung Augsburg","article_modified_time":"2020-03-19T13:46:22+00:00","og_image":[{"width":1024,"height":671,"url":"https:\/\/www.billig-entruempelung.de\/entruempelung-augsburg\/wp-content\/uploads\/2018\/04\/1601-1024x671.jpg","type":"image\/jpeg"}],"twitter_card":"summary_large_image","twitter_misc":{"Gesch\u00e4tzte Lesezeit":"2\u00a0Minuten"},"schema":{"@context":"https:\/\/schema.org","@graph":[{"@type":"WebPage","@id":"https:\/\/www.billig-entruempelung.de\/entruempelung-augsburg\/hausrenovierung-in-augsburg\/","url":"https:\/\/www.billig-entruempelung.de\/entruempelung-augsburg\/hausrenovierung-in-augsburg\/","name":"Renovierung Augsburg - schnell und kosteng\u00fcnstig!","isPartOf":{"@id":"https:\/\/www.billig-entruempelung.de\/entruempelung-augsburg\/#website"},"primaryImageOfPage":{"@id":"https:\/\/www.billig-entruempelung.de\/entruempelung-augsburg\/hausrenovierung-in-augsburg\/#primaryimage"},"image":{"@id":"https:\/\/www.billig-entruempelung.de\/entruempelung-augsburg\/hausrenovierung-in-augsburg\/#primaryimage"},"thumbnailUrl":"https:\/\/www.billig-entruempelung.de\/entruempelung-augsburg\/wp-content\/uploads\/2018\/04\/1601.jpg","datePublished":"2018-08-03T13:57:56+00:00","dateModified":"2020-03-19T13:46:22+00:00","description":"Planen und konzeptionieren Sie mit uns als kompetenten Partner f\u00fcr Renovierung in Augsburg und Umgebung ein professionelles Konzept.","breadcrumb":{"@id":"https:\/\/www.billig-entruempelung.de\/entruempelung-augsburg\/hausrenovierung-in-augsburg\/#breadcrumb"},"inLanguage":"de","potentialAction":[{"@type":"ReadAction","target":["https:\/\/www.billig-entruempelung.de\/entruempelung-augsburg\/hausrenovierung-in-augsburg\/"]}]},{"@type":"ImageObject","inLanguage":"de","@id":"https:\/\/www.billig-entruempelung.de\/entruempelung-augsburg\/hausrenovierung-in-augsburg\/#primaryimage","url":"https:\/\/www.billig-entruempelung.de\/entruempelung-augsburg\/wp-content\/uploads\/2018\/04\/1601.jpg","contentUrl":"https:\/\/www.billig-entruempelung.de\/entruempelung-augsburg\/wp-content\/uploads\/2018\/04\/1601.jpg","width":5200,"height":3407,"caption":"Renovierun"},{"@type":"BreadcrumbList","@id":"https:\/\/www.billig-entruempelung.de\/entruempelung-augsburg\/hausrenovierung-in-augsburg\/#breadcrumb","itemListElement":[{"@type":"ListItem","position":1,"name":"Startseite","item":"https:\/\/www.billig-entruempelung.de\/entruempelung-augsburg\/"},{"@type":"ListItem","position":2,"name":"Hausrenovierung* in Augsburg"}]},{"@type":"WebSite","@id":"https:\/\/www.billig-entruempelung.de\/entruempelung-augsburg\/#website","url":"https:\/\/www.billig-entruempelung.de\/entruempelung-augsburg\/","name":"Entr\u00fcmpelung Augsburg","description":"G\u00fcnstige Entr\u00fcmpelung und Entsorgung in Augsburg","publisher":{"@id":"https:\/\/www.billig-entruempelung.de\/entruempelung-augsburg\/#organization"},"potentialAction":[{"@type":"SearchAction","target":{"@type":"EntryPoint","urlTemplate":"https:\/\/www.billig-entruempelung.de\/entruempelung-augsburg\/?s={search_term_string}"},"query-input":{"@type":"PropertyValueSpecification","valueRequired":true,"valueName":"search_term_string"}}],"inLanguage":"de"},{"@type":"Organization","@id":"https:\/\/www.billig-entruempelung.de\/entruempelung-augsburg\/#organization","name":"Entr\u00fcmpelung Augsburg","url":"https:\/\/www.billig-entruempelung.de\/entruempelung-augsburg\/","logo":{"@type":"ImageObject","inLanguage":"de","@id":"https:\/\/www.billig-entruempelung.de\/entruempelung-augsburg\/#\/schema\/logo\/image\/","url":"https:\/\/www.billig-entruempelung.de\/entruempelung-augsburg\/wp-content\/uploads\/2018\/07\/entruempelung-muenchen.png","contentUrl":"https:\/\/www.billig-entruempelung.de\/entruempelung-augsburg\/wp-content\/uploads\/2018\/07\/entruempelung-muenchen.png","width":450,"height":71,"caption":"Entr\u00fcmpelung Augsburg"},"image":{"@id":"https:\/\/www.billig-entruempelung.de\/entruempelung-augsburg\/#\/schema\/logo\/image\/"}}]}},"rttpg_featured_image_url":{"full":["https:\/\/www.billig-entruempelung.de\/entruempelung-augsburg\/wp-content\/uploads\/2018\/04\/1601.jpg",5200,3407,false],"landscape":["https:\/\/www.billig-entruempelung.de\/entruempelung-augsburg\/wp-content\/uploads\/2018\/04\/1601.jpg",5200,3407,false],"portraits":["https:\/\/www.billig-entruempelung.de\/entruempelung-augsburg\/wp-content\/uploads\/2018\/04\/1601.jpg",5200,3407,false],"thumbnail":["https:\/\/www.billig-entruempelung.de\/entruempelung-augsburg\/wp-content\/uploads\/2018\/04\/1601-150x150.jpg",150,150,true],"medium":["https:\/\/www.billig-entruempelung.de\/entruempelung-augsburg\/wp-content\/uploads\/2018\/04\/1601-300x197.jpg",300,197,true],"large":["https:\/\/www.billig-entruempelung.de\/entruempelung-augsburg\/wp-content\/uploads\/2018\/04\/1601-1024x671.jpg",843,552,true],"1536x1536":["https:\/\/www.billig-entruempelung.de\/entruempelung-augsburg\/wp-content\/uploads\/2018\/04\/1601.jpg",1536,1006,false],"2048x2048":["https:\/\/www.billig-entruempelung.de\/entruempelung-augsburg\/wp-content\/uploads\/2018\/04\/1601.jpg",2048,1342,false]},"rttpg_author":{"display_name":"admin","author_link":"https:\/\/www.billig-entruempelung.de\/entruempelung-augsburg\/author\/admin\/"},"rttpg_comment":0,"rttpg_category":null,"rttpg_excerpt":"[vc_row][vc_column width=&#8220;2\/3&#8243;][vc_column_text] Renovierung* in Augsburg Mit unserem Profi-Team ist jede Renovierung* professionell und bezahlbar erledigt! Wir \u00fcbernehmen f\u00fcr Sie die komplette Planung, als auch die&hellip;","_links":{"self":[{"href":"https:\/\/www.billig-entruempelung.de\/entruempelung-augsburg\/wp-json\/wp\/v2\/pages\/473","targetHints":{"allow":["GET"]}}],"collection":[{"href":"https:\/\/www.billig-entruempelung.de\/entruempelung-augsburg\/wp-json\/wp\/v2\/pages"}],"about":[{"href":"https:\/\/www.billig-entruempelung.de\/entruempelung-augsburg\/wp-json\/wp\/v2\/types\/page"}],"author":[{"embeddable":true,"href":"https:\/\/www.billig-entruempelung.de\/entruempelung-augsburg\/wp-json\/wp\/v2\/users\/1"}],"replies":[{"embeddable":true,"href":"https:\/\/www.billig-entruempelung.de\/entruempelung-augsburg\/wp-json\/wp\/v2\/comments?post=473"}],"version-history":[{"count":40,"href":"https:\/\/www.billig-entruempelung.de\/entruempelung-augsburg\/wp-json\/wp\/v2\/pages\/473\/revisions"}],"predecessor-version":[{"id":1451,"href":"https:\/\/www.billig-entruempelung.de\/entruempelung-augsburg\/wp-json\/wp\/v2\/pages\/473\/revisions\/1451"}],"wp:featuredmedia":[{"embeddable":true,"href":"https:\/\/www.billig-entruempelung.de\/entruempelung-augsburg\/wp-json\/wp\/v2\/media\/178"}],"wp:attachment":[{"href":"https:\/\/www.billig-entruempelung.de\/entruempelung-augsburg\/wp-json\/wp\/v2\/media?parent=473"}],"curies":[{"name":"wp","href":"https:\/\/api.w.org\/{rel}","templated":true}]}}